 base 7, what is 3151 - 3?
3145
In base 7, what is -301 - 36?
-340
In base 8, what is 55 + -3?
52
In base 4, what is -11022 + -2?
-11030
In base 4, what is 2321 - -1?
2322
In base 5, what is -3 - 23?
-31
In base 15, what is -2 - 106?
-108
In base 7, what is -2 + 145?
143
In base 3, what is 11 - -1?
12
In base 5, what is 143 + 114?
312
In base 8, what is 2300 - 2?
2276
In base 7, what is 15 + -13?
2
In base 10, what is -8 - -17?
9
In base 16, what is -2 + 678?
676
In base 3, what is 111220 - 102?
111111
In base 14, what is -3b4 + -5?
-3b9
In base 9, what is -5322 + 4?
-5317
In base 8, what is 501 - 1?
500
In base 7, what is -10 + -225?
-235
In base 6, what is 4 + 415?
423
In base 14, what is -3 - 63?
-66
In base 8, what is 1455 - -5?
1462
In base 8, what is -156 + -141?
-317
In base 2, what is -10111 + 101?
-10010
In base 4, what is 2 + -122232?
-122230
In base 10, what is 0 - -1640?
1640
In base 5, what is -1 + 41?
40
In base 16, what is -3b - 5?
-40
In base 4, what is 31 + 1011?
1102
In base 3, what is 200 - -110?
1010
In base 2, what is 10111001 - -1?
10111010
In base 7, what is -4 - -2442?
2435
In base 7, what is -20 + 21?
1
In base 3, what is -1212022 + 2?
-1212020
In base 15, what is -11 + 61?
50
In base 7, what is 333 - -20?
353
In base 15, what is 2 - -2?
4
In base 8, what is -32 - -111?
57
In base 9, what is -15 + -1445?
-1461
In base 7, what is -4 - -41?
34
In base 15, what is 9e4 + -5?
9de
In base 9, what is 5 - 3?
2
In base 8, what is -1 - -1436?
1435
In base 3, what is 120 + 10?
200
In base 13, what is -8c6 + -2?
-8c8
In base 12, what is -587 - 1?
-588
In base 8, what is -3373 + -4?
-3377
In base 16, what is -799 + -6?
-79f
In base 11, what is 0 + 132?
132
In base 11, what is -288 - -10?
-278
In base 6, what is -15321 + 1?
-15320
In base 14, what is b + 2?
d
In base 9, what is -54 - 2?
-56
In base 10, what is 30 + -29?
1
In base 3, what is -2 - 211210?
-211212
In base 7, what is 1233 - -1?
1234
In base 15, what is 0 + 19?
19
In base 5, what is 313 + -4?
304
In base 5, what is 113023 - -2?
113030
In base 7, what is -1 + 25?
24
In base 12, what is 3 + 17?
1a
In base 13, what is 2 + 104?
106
In base 10, what is -4 - -404?
400
In base 6, what is -22 + 515?
453
In base 15, what is 3 + 0?
3
In base 5, what is 13330 - 1?
13324
In base 16, what is -5 + -f5?
-fa
In base 16, what is 13c8 - -3?
13cb
In base 6, what is 122 - -53?
215
In base 4, what is -1 + -120?
-121
In base 13, what is -27 + 5?
-22
In base 7, what is 10 - 111?
-101
In base 11, what is 5 - 117a?
-1175
In base 8, what is -46 - 300?
-346
In base 15, what is -1 - 8?
-9
In base 11, what is -3 + 72?
6a
In base 2, what is -11 + -10011?
-10110
In base 12, what is 5 + 18?
21
In base 5, what is -140104 + -1?
-140110
In base 2, what is -101010011 - -1101?
-101000110
In base 9, what is -4 - 38?
-43
In base 10, what is -51 + 5?
-46
In base 15, what is 324 + -d?
316
In base 3, what is -2112012 + -10?
-2112022
In base 14, what is 187 + 3?
18a
In base 2, what is -11000 - 1101?
-100101
In base 11, what is -521 - 5?
-526
In base 3, what is 11 + -1012?
-1001
In base 7, what is -4 + 166?
162
In base 12, what is -76 - -24?
-52
In base 15, what is 6aa - -2?
6ac
In base 3, what is 1 + -21001?
-21000
In base 13, what is 143 - -2?
145
In base 15, what is 7 - -b80?
b87
In base 2, what is 101110 - 11010?
10100
In base 4, what is -10 - -10102?
10032
In base 16, what is 3 + 8b?
8e
In base 5, what is -1 + 34?
33
In base 4, what is -1230 + -1?
-1231
In base 9, what is 152 + 0?
152
In base 9, what is 551 - -4?
555
In base 2, what is -10001110 - -10?
-10001100
In base 3, what is -1 + -1211?
-1212
In base 9, what is 252 - 0?
252
In base 11, what is -55 + 55?
0
In base 2, what is 100 - -101100111100?
101101000000
In base 7, what is 0 + 213?
213
In base 16, what is 4 + 33d?
341
In base 7, what is 3 + -65?
-62
In base 15, what is 3 + 12bc?
12c0
In base 7, what is -1 + 1622?
1621
In base 11, what is -5 - -1750?
1746
In base 12, what is -3 - -78?
75
In base 9, what is -33063 + -5?
-33068
In base 7, what is 64 - 5?
56
In base 5, what is 10 - -404?
414
In base 16, what is 0 + -3a0?
-3a0
In base 2, what is -1000 + 10001000110?
10000111110
In base 16, what is 11 + -46?
-35
In base 16, what is -7 + 2b5?
2ae
In base 5, what is 3 - -2?
10
In base 11, what is 1a5 + 4?
1a9
In base 7, what is -15 + -43?
-61
In base 6, what is 4 + 330?
334
In base 13, what is -2 + 73?
71
In base 11, what is 23 + -3a8?
-385
In base 5, what is -202 - -13?
-134
In base 11, what is 2a + 18?
47
In base 2, what is -101 - 110100?
-111001
In base 13, what is -54a + -1?
-54b
In base 11, what is 129 - -5?
133
In base 13, what is -1374 + 0?
-1374
In base 10, what is 3 - 16?
-13
In base 8, what is 146 + 0?
146
In base 7, what is 0 - 5310?
-5310
In base 4, what is 3 - 1310?
-1301
In base 14, what is -1 + 220?
21d
In base 4, what is 3 - 2212?
-2203
In base 15, what is 6 - 190?
-189
In base 4, what is 1011322 - -1?
1011323
In base 5, what is -1 - -12043?
12042
In base 14, what is 4db - 2?
4d9
In base 15, what is -3 + 1d?
1a
In base 6, what is -20 - -24?
4
In base 10, what is -13 - -82?
69
In base 6, what is -1 + -41?
-42
In base 16, what is -4 - 35?
-39
In base 7, what is -12 + -16235?
-16250
In base 14, what is 3d + 5?
44
In base 5, what is 1131 - -1?
1132
In base 7, what is -652 + 5?
-644
In base 5, what is -3111 - -13?
-3043
In base 7, what is 56 - 0?
56
In base 3, what is -11 + 10202?
10121
In base 8, what is -2 - -73?
71
In base 14, what is 26 + -53?
-2b
In base 3, what is -1011010 - -1020?
-1002220
In base 5, what is 1 + 1002?
1003
In base 6, what is 3 - 134?
-131
In base 13, what is -26 + 31?
8
In base 13, what is 1 + 688?
689
In base 8, what is -27 - 15?
-44
In base 11, what is -a4 - 32?
-126
In base 3, what is -1 + -20210?
-20211
In base 6, what is -454 - 2?
-500
In base 4, what is -2212 - 2?
-2220
In base 3, what is 2120221 - 2?
2120212
In base 3, what is 2 + -10122212?
-10122210
In base 8, what is -3 + -601?
-604
In base 5, what is -2 - -1033?
1031
In base 15, what is -141d - -1?
-141c
In base 9, what is -86 - 2?
-88
In base 14, what is -2 + -98?
-9a
In base 8, what is -2 - -51?
47
In base 10, what is -38 + 2?
-36
In base 8, what is -4 + -4?
-10
In base 12, what is -48 + -4?
-50
In base 5, what is -224 - 3?
-232
In base 15, what is -4 + 45?
41
In base 14, what is a02 - -5?
a07
In base 6, what is 30 + -4?
22
In base 16, what is -4 - -36?
32
In base 6, what is 2 - -1053?
1055
In base 3, what is 2 - -102211?
102220
In base 8, what is -363 + 4?
-357
In base 2, what is -11010 - 1?
-11011
In base 8, what is 1 - -61?
62
In base 2, what is 1010100011 - 10?
1010100001
In base 8, what is -1631 - -2?
-1627
In base 12, what is -7 - 6?
-11
In base 5, what is -20 + -31?
-101
In base 2, what is -10 - 1100011010?
-1100011100
In base 2, what is -1 - -110?
101
In base 12, what is -a5 + 5?
-a0
In base 16, what is -ba + 0?
-ba
In base 16, what is -36 - 69?
-9f
In base 13, what is 74 + -b?
66
In base 16, what is 4 - -6b6?
6ba
In base 14, what is -215 + 0?
-215
In base 5, what is -11 - 3?
-14
In base 6, what is 0 - 2031?
-2031
In base 5, what is 0 + -210?
-210
In base 3, what is 22 - -22?
121
In base 5, what is -114 - 11?
-130
In base 13, what is -c506 - 2?
-c508
In base 13, what is -6 + -15?
-1b
In base 9, what is 7 + 523?
531
In base 15, what is -1 - 1e1?
-1e2
In base 2, what is -1010100 + -1110?
-1100010
In base 3, what is 11 - -21212?
22000
In base 6, what is -23 + -23?
-50
In base 5, what is -32 + -30?
-112
In base 4, what is 11223 + 201?
12030
In base 6, what is 23 + 1111?
1134
In base 12, what is -6 + -249?
-253
In base 6, what is 30 + -114?
-44
In base 7, what is -66 + 22?
-44
In base 9, what is 1 + 156?
157
In base 12, what is 3 - -264?
267
In base 13, what is 19 - 1c8?
-1ac
In base 8, what is -5 + -10242?
-10247
In base 2, what is 100101011001 - 10?
100101010111
In base 9, what is -3 - -1350?
1346
In base 8, what is -3 + 1132?
1127
In base 14, what is 14a + 19?
165
In base 14, what is -1c6 + -11?
-1d7
In base 4, what is -3 - 202?
-211
In base 4, what is -11 - -1032203?
1032132
In base 13, what is 56 - 5?
51
In base 9, what is 2 + 10212?
10214
In base 13, what is -7ba - 1?
-7bb
In base 15, what is -88 + 0?
-88
In base 3, what is -200212 + -20?
-201002
